
Let m(x) = 25*x - 2. Let o be m(1). Let u = o + 0. Suppose i = -3*v - 0*v + u, 2*i - 5*v - 57 = 0. List the prime factors of i.
2, 13
Let f be 7*1 + (-26)/13. Let p be 6/(-8)*(f + 3). Let z(w) = w**2 + 2*w - 1. List the prime factors of z(p).
23
Suppose 4*w + 17538 = 5*m, -3*m - 2*w = -6767 - 3769. List the prime factors of m.
2, 3, 5, 13
What are the prime factors of (0 - 88/(-6))*(-1974)/(-28)?
2, 11, 47
Let o(q) = q**3 + 8*q**2 + 9*q + 17. Let k be o(-7). Let u be k - (1 - -1 - 0). What are the prime factors of -5 + u - (-10 + -1)?
7
Suppose -2*v - 485 = -4*u - 5*v, 3*u = 4*v + 370. What are the prime factors of u?
2, 61
Let p = -52 + 37. Let z = 30 - p. Suppose z = 4*r + r. List the prime factors of r.
3
Let g(k) = 63*k - 4. Let o be g(2). Suppose -8 = 3*c - o. Let x = c - -1. List the prime factors of x.
3, 13
Suppose 4*s = -5*k + 1889, 0 = -5*k - 24*s + 21*s + 1888. List the prime factors of k.
13, 29
Let b(f) = -f**3 + 7*f**2 + 17*f. Let r be b(6). Suppose 10 + 26 = 4*d. Suppose -3*y - r = -d*y. What are the prime factors of y?
23
Suppose 10*q - 144 = q. Let x = q - -25. List the prime factors of x.
41
Suppose 3*h + 1 = 7. Let k = 93 - 12. List the prime factors of h/(k/78 - 1).
2, 13
Suppose w = 100 - 7. Suppose k = f + 56, -2*k + 22 = -5*f - w. What are the prime factors of k?
5, 11
Suppose -j + 7 + 5 = 0. What are the prime factors of 780/14 + j/42?
2, 7
Let v be (-284)/20 - (-4)/(18 - -2). List the prime factors of (21/v)/(2/(-204)).
3, 17
Suppose 0 = x - 0 - 12. Suppose 0 = 14*o - x*o - 8. List the prime factors of (0 + o/4)*47.
47
Let o = -7 - -378. What are the prime factors of o?
7, 53
Let q(i) = -i - 1. Let a(w) = -w**2 + 19*w - 12. Let p(v) = a(v) + 3*q(v). List the prime factors of p(10).
3, 5
Let j(m) = -m**3 - 13*m**2 - m - 10. Let f be j(-13). Let o be f*3*(-6)/(-27). Suppose -127 = -3*s + o. What are the prime factors of s?
43
Let y(g) = g**3 + 2*g**2 + 2*g + 1. Let o be y(-1). Suppose 2*d - 3*d = o. Suppose 4*n - 204 = -d*n. List the prime factors of n.
3, 17
Let w(r) = r**3 + 19*r**2 + 12*r + 15. What are the prime factors of w(-17)?
389
Let q(x) = -x**2 + 17*x. Let n be q(17). Suppose b + 4*s - 58 = 36, 5*b + 5*s - 500 = n. Suppose -p + 3*p = b. What are the prime factors of p?
3, 17
Let v(z) = 120*z**2. Let c = -10 + 9. What are the prime factors of v(c)?
2, 3, 5
List the prime factors of ((-245)/14 + 10)*-570.
3, 5, 19
Let z(o) = -o**3 + o**2 - o - 1. Let t be z(-1). Suppose 0 = -0*m + m + t. What are the prime factors of ((-1)/2)/(m/52)?
13
Let h = -30 + 33. Suppose h*o - 110 = -2*x + 7*x, -5*o + 5*x = -190. List the prime factors of o.
2, 5
Suppose -59*v + 57*v = -2310. List the prime factors of v.
3, 5, 7, 11
Let m(n) = 6*n**2 - 1. Let j be m(1). Let h(y) = -y**3 + 5*y**2 + y - 1. Let v be h(j). Suppose 8*t - 88 = v*t. What are the prime factors of t?
2, 11
Suppose -3*t + 1597 = -11*f + 13*f, -3*f = 5*t - 2397. List the prime factors of f.
2, 397
What are the prime factors of -7 + (-6 - -11) - 14040/(-5)?
2, 23, 61
Let n be 1/((-10)/4 - -3). Let q be (0 - 0) + -34 + n. Let d = 67 + q. List the prime factors of d.
5, 7
List the prime factors of 6 - (-1)/((-1)/(-302)*1).
2, 7, 11
Suppose -3*o = j + 185, -4*o = 5*j - 0*j + 254. Let t = o + 88. What are the prime factors of t?
3
Let o = 482 + -315. List the prime factors of o.
167
Suppose -2565 = 18*d - 21*d. What are the prime factors of d?
3, 5, 19
Let i be ((-54624)/40)/((-3)/20). Let h be i/120 + (-2)/(-15). Suppose g + 3*g - h = -4*d, 4*d + 5*g = 72. What are the prime factors of d?
23
Let i = -270 - -398. Suppose 2 = -3*x + i. List the prime factors of x.
2, 3, 7
Let r = 7 + 10. Let m = r + -12. Suppose 4*l + m*n = 4*n + 84, 0 = 3*l + 4*n - 76. List the prime factors of l.
2, 5
Let g(w) = w - 6. Let i be g(12). Let c be i/(-6) - (-1 - 55). Suppose -6 = -4*p + 14, 0 = 2*y + p - c. List the prime factors of y.
5
Suppose -11 = -o - 17. List the prime factors of 2/((-4)/o) + -6 + 55.
2, 13
Suppose -t + 16 + 3 = -4*z, 2*z + 95 = 5*t. What are the prime factors of t?
19
Let m(q) = q**3 - q - 28. Let z be m(0). Let w be 122/(-1 + z/(-20)). Suppose 20*a + w = 25*a. List the prime factors of a.
61
Let n be 2 + 5 + (0 - 4). Let d(p) be the second derivative of 3*p**5/20 - p**4/4 - 5*p**3/6 + 3*p**2/2 + 3*p. List the prime factors of d(n).
2, 3, 7
List the prime factors of 119 - (-6 + -1 + 4).
2, 61
Let i = 1510 + -357. List the prime factors of i.
1153
Let g = 2628 + 1293. List the prime factors of g.
3, 1307
Let z(r) = r**3 - 4*r**2 - 3*r - 7. Let n be z(5). Suppose -4*k + 26 = k + 3*p, 2*k - 2*p = 4. Let b = n + k. What are the prime factors of b?
7
List the prime factors of (-5)/(-2)*(-70446)/(-295).
3, 199
Let j = 6 - 14. Let k = j + 14. Let f(r) = 4*r + 2. List the prime factors of f(k).
2, 13
Let l = 3 + 47. List the prime factors of (-2)/10 - (-2110)/l.
2, 3, 7
Let z be 7616/98 - 2/(-7). Let x = z - -115. List the prime factors of x.
193
Suppose 0 = -14*p + 15*p - 19. Let c = p + 61. List the prime factors of c.
2, 5
Suppose 3 = -3*o - 3, 3*v + 4*o - 19 = 0. Let j = 15 - v. List the prime factors of (j/4)/((-3)/(-16)).
2
Let w(v) = 2*v - 1. Let u = -16 - -22. List the prime factors of w(u).
11
Let c be -4 - (-4 + -207 + -4). List the prime factors of c + -2 + (-16)/(-4).
3, 71
Let k(z) = -z**3 - 10*z**2 + 19*z + 62. What are the prime factors of k(-12)?
2, 61
Let n(t) = -41*t - 13. Let o be n(-6). Let y = 457 - o. What are the prime factors of y?
2, 7
Let j be (57 - -1) + (-18)/9. List the prime factors of ((-75)/12 + -1)/((-7)/j).
2, 29
Let m(h) = 2*h**2 + 10*h. Let x be m(-5). Suppose -2*c = -x*c - 38. List the prime factors of c.
19
What are the prime factors of 5*((-6)/(-8) - (-1833)/52)?
2, 3, 5
Suppose -7*t - 5*r = -3*t - 694, 5*t - r = 853. List the prime factors of t.
3, 19
Let x(m) = -5*m - 33. Let t be x(-11). Let g = 59 + t. What are the prime factors of g?
3
Suppose 2*o + 1 - 9 = 0. What are the prime factors of (1/o)/(15/1020)?
17
Suppose 0 = 3*t + 4*g - 7565, 2*t + 2*g - 937 - 4105 = 0. List the prime factors of t.
11, 229
Let g(v) = -2*v + 7*v**2 - 23 + 17 + v**3 - 8*v**2. List the prime factors of g(6).
2, 3
Let c be (-7)/((-28)/(-8))*-3. Suppose -5*v - c = -16. Suppose 2*y - 3*u - 21 = 5, 3*u - 38 = -v*y. What are the prime factors of y?
2
Let r(y) = 16*y - 1. Let x be r(-1). Let z be -3*15 + 10 + -10. Let g = x - z. List the prime factors of g.
2, 7
Let q = 247 - 176. Let a be (-30)/(-9)*30/25. Suppose -a*w = -q - 5. What are the prime factors of w?
19
Let g(t) = 24*t - 4 + 19*t + 32*t - 70*t + 57*t**2. What are the prime factors of g(1)?
2, 29
Suppose -2*d - 60 = 3*d - 3*p, 36 = -3*d - 2*p. Let v be (-2)/(-6) + d/9. What are the prime factors of v/(-3 - (-38)/13)?
13
List the prime factors of 70/(-20)*2572/(-7).
2, 643
Let t(b) = 4*b**2 - b**2 - 2 + 8 - 9*b - 3. Let w be t(-5). Let c = -77 + w. List the prime factors of c.
2, 23
Let j(n) = 5*n**2 - 11*n + 5. Let l(a) = 55*a**2 - 120*a + 55. Let o(b) = -65*j(b) + 6*l(b). What are the prime factors of o(2)?
3, 5
Suppose -10*x = 1979 - 22819. List the prime factors of x.
2, 521
Suppose 0 = 20*p + 11*p - 15438. List the prime factors of p.
2, 3, 83
Let l = -3185 + 4806. List the prime factors of l.
1621
Suppose 43 = 6*y + 13. What are the prime factors of -3 + y + (102 + 2 - 3)?
103
List the prime factors of 62532/243*(-9)/(-2).
2, 3, 193
Let i(f) = 132*f**2 - 5*f - 4. Let l be i(-3). Suppose -1681 = -18*g + l. List the prime factors of g.
2, 5
Suppose -j - 34 = -37. List the prime factors of (-2 - -4 - -90)*(4 - j).
2, 23
Let d(z) = -4*z**2 - 7*z - 1. Let l be d(-6). Let w = 145 + l. Let u = w - 30. List the prime factors of u.
2, 3
Let l = -11 + 10. Let t be l/(74/(-24) + 3). Suppose -x + 0 + t = 0. List the prime factors of x.
2, 3
Suppose -n = 5*p - 5852, -p + 3474 = 4*n - 19991. What are the prime factors of n?
5867
Let h(d) = 7*d - 4. Let y be h(4). Suppose 0 = 5*a - 79 + y. Let t(c) = 4*c - 7. List the prime factors of t(a).
37
Suppose 0*l = -4*l + 8. Suppose l*f - 275 = 99. What are the prime factors of f?
11, 17
Let h = 39 + -39. Suppose h = 2*p + v + 8, -8*p + 3*v = -4*p + 6. Let r(q) = -q**3 + 3*q**2 - 2*q - 3. What are the prime factors of r(p)?
3, 19
Let q(o) = 11*o**2 - 11*o + 27.